312
In base 7, what is -1153304055 - 1?
-1153304056
In base 6, what is 30 - -22130123?
22130153
In base 16, what is 4 + -aad0a?
-aad06
In base 8, what is 466657 + -162?
466475
In base 6, what is -103 + -2411243?
-2411350
In base 9, what is 80427681 - 3?
80427677
In base 4, what is -2010013201 + -312?
-2010020113
In base 9, what is -12 + 81358331?
81358318
In base 5, what is -242341104 - -13?
-242341041
In base 2, what is 1001100001100 + -1100110100000110?
-1011100111111010
In base 4, what is -11021212120 + -3?
-11021212123
In base 6, what is 115 - 11104014?
-11103455
In base 10, what is -2 + 14907835?
14907833
In base 15, what is -44d5 + -96?
-457b
In base 8, what is -10 - -31443103?
31443073
In base 2, what is 1 - -101110111111011011101100100?
101110111111011011101100101
In base 7, what is 434456361 + -2?
434456356
In base 15, what is 736844 + 81?
7368c5
In base 12, what is 149a + -80361?
-7aa83
In base 10, what is -57 - 704974?
-705031
In base 2, what is 10001 - 101011000010001101?
-101011000001111100
In base 12, what is -199905a - -41?
-1999019
In base 8, what is -15200347 + 2?
-15200345
In base 4, what is 10 - -33312302032?
33312302102
In base 4, what is 112212131000131 + -2?
112212131000123
In base 14, what is 5c1c8 + -b2?
5c116
In base 15, what is cb0 + -cc53?
-be93
In base 15, what is 4a14 - -5a?
4a6e
In base 9, what is 1363 + 1140555?
1142028
In base 16, what is -9d + -b42a9?
-b4346
In base 4, what is -212123 + 220011031?
213132302
In base 7, what is 6 - 246322422?
-246322413
In base 5, what is -40412431424 + 4?
-40412431420
In base 7, what is 4421 + 120102?
124523
In base 9, what is 403878 - 43?
403835
In base 16, what is 9 - 6b6441?
-6b6438
In base 6, what is -2505214 + -5523?
-2515141
In base 7, what is -1010 + 420361?
416351
In base 5, what is -4003 - -424332?
420324
In base 9, what is 216140 - 524?
215515
In base 5, what is 0 + -3004011131?
-3004011131
In base 4, what is -2 - -21113322110121?
21113322110113
In base 10, what is -4502 + 8854?
4352
In base 12, what is -4225 - 4945?
-8b6a
In base 3, what is 2102200001102122 - -111?
2102200001110010
In base 12, what is -41b3 + -33b84?
-38177
In base 15, what is 4a7ae + -57?
4a757
In base 12, what is -78a + -2a7a0?
-2b36a
In base 3, what is -10011 - -11211201102?
11211121021
In base 7, what is -430111002 - 2?
-430111004
In base 8, what is 41 + 11611403?
11611444
In base 16, what is 7 + -c727e?
-c7277
In base 4, what is 0 - 1103022210?
-1103022210
In base 2, what is 10000010 + -1100111011100000010001?
-1100111011011110001111
In base 2, what is -10001110110110 + -10010111001?
-10100001101111
In base 11, what is -2165 + -262a?
-4794
In base 15, what is d26 + -14643?
-1381c
In base 4, what is -32 + -101003012120?
-101003012212
In base 15, what is -5 + 9a8313?
9a830d
In base 3, what is 102 + -12202000100102?
-12202000100000
In base 12, what is -bb - 6aba0?
-6b09b
In base 10, what is -158656642 - -5?
-158656637
In base 15, what is 4d14 + -3559?
17aa
In base 7, what is -3165321 - 33?
-3165354
In base 15, what is 3e582 + 200?
3e782
In base 12, what is -12b8379 - 55?
-12b8412
In base 16, what is 2508 + 29?
2531
In base 13, what is -1479472 - -3c?
-1479433
In base 3, what is -22201021201 - 1112210?
-22202211111
In base 3, what is 111211 + 2020110022?
2020222010
In base 14, what is 255d1 + 1cd7?
274c8
In base 6, what is 112043131 - 451?
112042240
In base 3, what is 120121020111 - -1012?
120121021200
In base 10, what is -58 + -1938605?
-1938663
In base 4, what is -10312110011 - 221?
-10312110232
In base 4, what is 303201131311 - -101?
303201132012
In base 15, what is -56da7 + 54?
-56d53
In base 2, what is 11010101010001100011101111 + 100?
11010101010001100011110011
In base 4, what is -2002 - -11313100?
11311032
In base 14, what is -2209a7 - 33?
-2209da
In base 16, what is -4 + aecde39?
aecde35
In base 6, what is -25 - 1041113?
-1041142
In base 13, what is 19393 + -114?
1927c
In base 5, what is -3 + -111143021012?
-111143021020
In base 3, what is 2221022020102 + -1100?
2221022012002
In base 5, what is 31104224 + 13112?
31122341
In base 5, what is 4303023312 + -32?
4303023230
In base 9, what is 205555 - 16?
205538
In base 4, what is -10030211 - -1232321?
-2131230
In base 10, what is -65647 + -5169?
-70816
In base 4, what is -3 - 12232231110033?
-12232231110102
In base 5, what is -122442 + 11030?
-111412
In base 15, what is -2 - 5839e1?
-5839e3
In base 15, what is -3 + 14e3b0?
14e3ac
In base 12, what is -16 - 31686?
-316a0
In base 4, what is 231321320323 + -30?
231321320233
In base 4, what is -1111111112 + 120?
-1111110332
In base 12, what is -8b - 10a77?
-10b46
In base 5, what is 1 - -2042430013?
2042430014
In base 14, what is -4 - -81b19?
81b15
In base 6, what is 105143 + 3235?
112422
In base 7, what is 25513245 + 111?
25513356
In base 2, what is 100111100011111101 + 10001?
100111100100001110
In base 4, what is 103 - -3020120333?
3020121102
In base 11, what is 4 + -22933a9?
-22933a5
In base 10, what is 5 + -840292?
-840287
In base 3, what is 12022022102 + 21101?
12022120210
In base 5, what is 221122 + -2312022?
-2040400
In base 8, what is -50 - -154160?
154110
In base 9, what is 828216 + 1013?
830230
In base 11, what is 15323859 + 1?
1532385a
In base 6, what is 4131 + 2153011?
2201142
In base 8, what is -1104153 + 3?
-1104150
In base 2, what is 1000110 - 101000101010110110?
-101000101001110000
In base 9, what is 1567461 - -3?
1567464
In base 13, what is -16b82c - 135?
-16b964
In base 14, what is 24 + -68a86?
-68a62
In base 7, what is -10 - 635620211?
-635620221
In base 5, what is -2 + -30314240122?
-30314240124
In base 13, what is -1268c + bc7?
-11795
In base 12, what is 8124a + 51?
8129b
In base 9, what is 106 + -3701056?
-3700850
In base 3, what is 122012120200221200 - 1?
122012120200221122
In base 3, what is -120210 - 12011020100?
-12011211010
In base 14, what is 471b5 + -33?
47182
In base 4, what is -212212122 + 130300?
-212021222
In base 12, what is 4b + 104220?
10426b
In base 4, what is 1200 - 1300010?
-1232210
In base 10, what is 1 + 198193?
198194
In base 12, what is 2a5a1233 - 3?
2a5a1230
In base 11, what is -51 + 524526?
524485
In base 4, what is 2121102021101 + 2?
2121102021103
In base 9, what is 337072 - -2155?
340237
In base 3, what is -1220202202120 + -121?
-1220202210011
In base 6, what is 211012431 + -4?
211012423
In base 13, what is 1792 + -1697?
c8
In base 12, what is b740b3 + -160?
b73b53
In base 12, what is -49b484a + 0?
-49b484a
In base 5, what is -30 - -2333042442?
2333042412
In base 9, what is -378407327 + -1?
-378407328
In base 3, what is 2001100211202001211 - 12?
2001100211202001122
In base 8, what is 547 + 2474?
3243
In base 3, what is -21201 - 22022211010?
-22100002211
In base 9, what is -783 + 212401?
211507
In base 6, what is 552331 - 43?
552244
In base 7, what is -4254032155 - 4?
-4254032162
In base 15, what is a + -1cc7b?
-1cc71
In base 14, what is -21 - 12c6c7d?
-12c6ca0
In base 7, what is 151515223645 + -5?
151515223640
In base 9, what is -2440 - 658?
-3208
In base 12, what is -1 + 52a94a1?
52a94a0
In base 16, what is -55c4a41 - 4?
-55c4a45
In base 16, what is 8833c - 43?
882f9
In base 16, what is 5f - 3cfe5f?
-3cfe00
In base 9, what is -30347 - -41642?
11284
In base 8, what is 13020 + -503?
12315
In base 8, what is -35364 + -5470?
-43054
In base 15, what is -1511875 + 2?
-1511873
In base 3, what is 210101 + 1112012220011?
1112020200112
In base 7, what is -425 - 50331?
-51056
In base 16, what is -4 - -30ce57a?
30ce576
In base 3, what is 22112001101 + 222100?
22120000201
In base 11, what is 1 + 39352a6?
39352a7
In base 15, what is 1a8d81 + -21?
1a8d60
In base 14, what is da14 + -416?
d5dc
In base 11, what is -81 + 182a8a2?
182a821
In base 11, what is 1965 - -182185?
18403a
In base 10, what is -5 - -6589421?
6589416
In base 5, what is -12440023 + 1042?
-12433431
In base 9, what is 24 - 16163?
-16138
In base 7, what is -56256401 - -5?
-56256363
In base 3, what is 120021000 - -1100121111?
1220212111
In base 7, what is 14 - 452534340?
-452534323
In base 15, what is 1 + ca8c812?
ca8c813
In base 16, what is 195f + -18e?
17d1
In base 14, what is 3b + -606a3?
-60666
In base 2, what is -110111101000 + 101101110100?
-1001110100
In base 7, what is 421 + -203203?
-202452
In 